{"id":5811,"date":"2019-09-01T23:00:56","date_gmt":"2019-09-01T23:00:56","guid":{"rendered":"https:\/\/utap.edu.co\/sitio\/?page_id=5811"},"modified":"2025-04-09T11:37:30","modified_gmt":"2025-04-09T16:37:30","slug":"educacion-continuada","status":"publish","type":"page","link":"https:\/\/utap.edu.co\/sitio\/educacion-continuada\/","title":{"rendered":"EDUCACI\u00d3N CONTINUADA"},"content":{"rendered":"<div id=\"pl-5811\"  class=\"panel-layout\" ><div id=\"pg-5811-0\"  class=\"panel-grid panel-no-style\" ><div id=\"pgc-5811-0-0\"  class=\"panel-grid-cell\" ><div id=\"panel-5811-0-0-0\" class=\"so-panel widget widget_sow-image panel-first-child panel-last-child\" data-index=\"0\" ><div\n\t\t\t\n\t\t\tclass=\"so-widget-sow-image so-widget-sow-image-default-dbf295114b96-5811\"\n\t\t\t\n\t\t>\n<div class=\"sow-image-container\">\n\t\t<img \n\tsrc=\"https:\/\/utap.edu.co\/sitio\/wp-content\/uploads\/2025\/04\/BANNER-EDUCACION-CONTINUADA.png\" width=\"7026\" height=\"2084\" srcset=\"https:\/\/utap.edu.co\/sitio\/wp-content\/uploads\/2025\/04\/BANNER-EDUCACION-CONTINUADA.png 7026w, https:\/\/utap.edu.co\/sitio\/wp-content\/uploads\/2025\/04\/BANNER-EDUCACION-CONTINUADA-1024x304.png 1024w, https:\/\/utap.edu.co\/sitio\/wp-content\/uploads\/2025\/04\/BANNER-EDUCACION-CONTINUADA-768x228.png 768w, https:\/\/utap.edu.co\/sitio\/wp-content\/uploads\/2025\/04\/BANNER-EDUCACION-CONTINUADA-1536x456.png 1536w, https:\/\/utap.edu.co\/sitio\/wp-content\/uploads\/2025\/04\/BANNER-EDUCACION-CONTINUADA-2048x607.png 2048w\" sizes=\"(max-width: 7026px) 100vw, 7026px\" title=\"BANNER EDUCACI\u00d3N CONTINUADA\" alt=\"\" loading=\"lazy\" \t\tclass=\"so-widget-image\"\/>\n\t<\/div>\n\n<\/div><\/div><\/div><\/div><div id=\"pg-5811-1\"  class=\"panel-grid panel-has-style\" ><div class=\"panel-row-style panel-row-style-for-5811-1\" ><div id=\"pgc-5811-1-0\"  class=\"panel-grid-cell panel-grid-cell-empty\" ><\/div><div id=\"pgc-5811-1-1\"  class=\"panel-grid-cell\" ><div id=\"panel-5811-1-1-0\" class=\"so-panel widget widget_text panel-first-child\" data-index=\"1\" >\t\t\t<div class=\"textwidget\"><h3><strong>CURSOS<\/strong><\/h3>\n<\/div>\n\t\t<\/div><div id=\"panel-5811-1-1-1\" class=\"so-panel widget widget_siteorigin-panels-builder panel-last-child\" data-index=\"2\" ><div id=\"pl-w67f6a24a1343d\"  class=\"panel-layout\" ><div id=\"pg-w67f6a24a1343d-0\"  class=\"panel-grid panel-no-style\" ><div id=\"pgc-w67f6a24a1343d-0-0\"  class=\"panel-grid-cell panel-grid-cell-mobile-last\" ><div id=\"panel-w67f6a24a1343d-0-0-0\" class=\"so-panel widget widget_sow-image panel-first-child panel-last-child\" data-index=\"0\" ><div\n\t\t\t\n\t\t\tclass=\"so-widget-sow-image so-widget-sow-image-default-8b5b6f678277\"\n\t\t\t\n\t\t>\n<div class=\"sow-image-container\">\n\t\t\t<a href=\"https:\/\/utap.edu.co\/sitio\/educacion-continuada\/ii-curso-en-habilidades-en-analitica-de-datos-y-diseno-de-kpsis-para-la-gerencia-estrategica\/\"\n\t\t\t\t\t>\n\t\t\t<img \n\tsrc=\"https:\/\/utap.edu.co\/sitio\/wp-content\/uploads\/2025\/04\/POST-II-CURSO-HABILIDADES.png\" width=\"4501\" height=\"4500\" srcset=\"https:\/\/utap.edu.co\/sitio\/wp-content\/uploads\/2025\/04\/POST-II-CURSO-HABILIDADES.png 4501w, https:\/\/utap.edu.co\/sitio\/wp-content\/uploads\/2025\/04\/POST-II-CURSO-HABILIDADES-1024x1024.png 1024w, https:\/\/utap.edu.co\/sitio\/wp-content\/uploads\/2025\/04\/POST-II-CURSO-HABILIDADES-768x768.png 768w, https:\/\/utap.edu.co\/sitio\/wp-content\/uploads\/2025\/04\/POST-II-CURSO-HABILIDADES-1536x1536.png 1536w, https:\/\/utap.edu.co\/sitio\/wp-content\/uploads\/2025\/04\/POST-II-CURSO-HABILIDADES-2048x2048.png 2048w\" sizes=\"(max-width: 4501px) 100vw, 4501px\" title=\"POST II CURSO HABILIDADES\" alt=\"\" loading=\"lazy\" \t\tclass=\"so-widget-image\"\/>\n\t\t\t<\/a><\/div>\n\n<\/div><\/div><\/div><div id=\"pgc-w67f6a24a1343d-0-1\"  class=\"panel-grid-cell panel-grid-cell-empty\" ><\/div><\/div><\/div><\/div><\/div><div id=\"pgc-5811-1-2\"  class=\"panel-grid-cell panel-grid-cell-empty\" ><\/div><div id=\"pgc-5811-1-3\"  class=\"panel-grid-cell panel-grid-cell-empty panel-grid-cell-mobile-last\" ><\/div><div id=\"pgc-5811-1-4\"  class=\"panel-grid-cell panel-grid-cell-empty\" ><\/div><\/div><\/div><div id=\"pg-5811-2\"  class=\"panel-grid panel-has-style\" ><div class=\"panel-row-style panel-row-style-for-5811-2\" ><div id=\"pgc-5811-2-0\"  class=\"panel-grid-cell\" ><div id=\"panel-5811-2-0-0\" class=\"widget_text so-panel widget widget_custom_html panel-first-child panel-last-child\" data-index=\"3\" ><div class=\"textwidget custom-html-widget\"><center> \n\t\n<iframe align=\"center\" width=\"560\" height=\"315\" src=\"https:\/\/www.youtube.com\/embed\/ZoOMqDnR494\" title=\"YouTube video player\" frameborder=\"0\" allow=\"accelerometer; autoplay; clipboard-write; encrypted-media; gyroscope; picture-in-picture; web-share\" allowfullscreen>\n<\/iframe>\n\t\n<\/center><\/div><\/div><\/div><\/div><\/div><div id=\"pg-5811-3\"  class=\"panel-grid panel-has-style\" ><div class=\"panel-row-style panel-row-style-for-5811-3\" ><div id=\"pgc-5811-3-0\"  class=\"panel-grid-cell\" ><div id=\"panel-5811-3-0-0\" class=\"so-panel widget widget_ninja_forms_widget panel-first-child panel-last-child\" data-index=\"4\" ><\/div><\/div><\/div><\/div><\/div>","protected":false},"excerpt":{"rendered":"<p>CURSOS<\/p>\n","protected":false},"author":1,"featured_media":0,"parent":0,"menu_order":0,"comment_status":"closed","ping_status":"closed","template":"","meta":{"_joinchat":[]},"wf_page_folders":[74],"yoast_head":"<!-- This site is optimized with the Yoast SEO plugin v21.1 - https:\/\/yoast.com\/wordpress\/plugins\/seo\/ -->\n<title>Educaci\u00f3n Continua - UTAP<\/title>\n<meta name=\"description\" content=\"Consulta la oferta de Educaci\u00f3n Continua que tenemos para ti. \u00a1La UTAP, tu mejor opci\u00f3n!\" \/>\n<meta name=\"robots\" content=\"index, follow, max-snippet:-1, max-image-preview:large, max-video-preview:-1\" \/>\n<link rel=\"canonical\" href=\"https:\/\/utap.edu.co\/sitio\/educacion-continuada\/\" \/>\n<meta property=\"og:locale\" content=\"es_ES\" \/>\n<meta property=\"og:type\" content=\"article\" \/>\n<meta property=\"og:title\" content=\"Educaci\u00f3n Continua - UTAP\" \/>\n<meta property=\"og:description\" content=\"Consulta la oferta de Educaci\u00f3n Continua que tenemos para ti. \u00a1La UTAP, tu mejor opci\u00f3n!\" \/>\n<meta property=\"og:url\" content=\"https:\/\/utap.edu.co\/sitio\/educacion-continuada\/\" \/>\n<meta property=\"og:site_name\" content=\"UTAP\" \/>\n<meta property=\"article:publisher\" content=\"https:\/\/www.facebook.com\/UTAPCALI\/\" \/>\n<meta property=\"article:modified_time\" content=\"2025-04-09T16:37:30+00:00\" \/>\n<meta name=\"twitter:card\" content=\"summary_large_image\" \/>\n<script type=\"application\/ld+json\" class=\"yoast-schema-graph\">{\"@context\":\"https:\/\/schema.org\",\"@graph\":[{\"@type\":\"WebPage\",\"@id\":\"https:\/\/utap.edu.co\/sitio\/educacion-continuada\/\",\"url\":\"https:\/\/utap.edu.co\/sitio\/educacion-continuada\/\",\"name\":\"Educaci\u00f3n Continua - UTAP\",\"isPartOf\":{\"@id\":\"https:\/\/utap.edu.co\/sitio\/#website\"},\"datePublished\":\"2019-09-01T23:00:56+00:00\",\"dateModified\":\"2025-04-09T16:37:30+00:00\",\"description\":\"Consulta la oferta de Educaci\u00f3n Continua que tenemos para ti. \u00a1La UTAP, tu mejor opci\u00f3n!\",\"breadcrumb\":{\"@id\":\"https:\/\/utap.edu.co\/sitio\/educacion-continuada\/#breadcrumb\"},\"inLanguage\":\"es\",\"potentialAction\":[{\"@type\":\"ReadAction\",\"target\":[\"https:\/\/utap.edu.co\/sitio\/educacion-continuada\/\"]}]},{\"@type\":\"BreadcrumbList\",\"@id\":\"https:\/\/utap.edu.co\/sitio\/educacion-continuada\/#breadcrumb\",\"itemListElement\":[{\"@type\":\"ListItem\",\"position\":1,\"name\":\"Home\",\"item\":\"https:\/\/utap.edu.co\/sitio\/\"},{\"@type\":\"ListItem\",\"position\":2,\"name\":\"EDUCACI\u00d3N CONTINUADA\"}]},{\"@type\":\"WebSite\",\"@id\":\"https:\/\/utap.edu.co\/sitio\/#website\",\"url\":\"https:\/\/utap.edu.co\/sitio\/\",\"name\":\"UTAP\",\"description\":\"Educaci\u00f3n Superior con Sentido Social\",\"publisher\":{\"@id\":\"https:\/\/utap.edu.co\/sitio\/#organization\"},\"potentialAction\":[{\"@type\":\"SearchAction\",\"target\":{\"@type\":\"EntryPoint\",\"urlTemplate\":\"https:\/\/utap.edu.co\/sitio\/?s={search_term_string}\"},\"query-input\":\"required name=search_term_string\"}],\"inLanguage\":\"es\"},{\"@type\":\"Organization\",\"@id\":\"https:\/\/utap.edu.co\/sitio\/#organization\",\"name\":\"Tecnol\u00f3gica Aut\u00f3noma del Pacifico\",\"url\":\"https:\/\/utap.edu.co\/sitio\/\",\"logo\":{\"@type\":\"ImageObject\",\"inLanguage\":\"es\",\"@id\":\"https:\/\/utap.edu.co\/sitio\/#\/schema\/logo\/image\/\",\"url\":\"https:\/\/utap.edu.co\/sitio\/wp-content\/uploads\/2023\/11\/Mesa-de-trabajo-1logo.png\",\"contentUrl\":\"https:\/\/utap.edu.co\/sitio\/wp-content\/uploads\/2023\/11\/Mesa-de-trabajo-1logo.png\",\"width\":401,\"height\":86,\"caption\":\"Tecnol\u00f3gica Aut\u00f3noma del Pacifico\"},\"image\":{\"@id\":\"https:\/\/utap.edu.co\/sitio\/#\/schema\/logo\/image\/\"},\"sameAs\":[\"https:\/\/www.facebook.com\/UTAPCALI\/\",\"https:\/\/www.instagram.com\/utapcali\/\",\"https:\/\/www.linkedin.com\/company\/tecnol\u00f3gica-aut\u00f3noma-del-pac\u00edfico\",\"https:\/\/www.youtube.com\/channel\/UCdh4_tECdrEEptoOuW_lo8Q\/\"]}]}<\/script>\n<!-- \/ Yoast SEO plugin. -->","yoast_head_json":{"title":"Educaci\u00f3n Continua - UTAP","description":"Consulta la oferta de Educaci\u00f3n Continua que tenemos para ti. \u00a1La UTAP, tu mejor opci\u00f3n!","robots":{"index":"index","follow":"follow","max-snippet":"max-snippet:-1","max-image-preview":"max-image-preview:large","max-video-preview":"max-video-preview:-1"},"canonical":"https:\/\/utap.edu.co\/sitio\/educacion-continuada\/","og_locale":"es_ES","og_type":"article","og_title":"Educaci\u00f3n Continua - UTAP","og_description":"Consulta la oferta de Educaci\u00f3n Continua que tenemos para ti. \u00a1La UTAP, tu mejor opci\u00f3n!","og_url":"https:\/\/utap.edu.co\/sitio\/educacion-continuada\/","og_site_name":"UTAP","article_publisher":"https:\/\/www.facebook.com\/UTAPCALI\/","article_modified_time":"2025-04-09T16:37:30+00:00","twitter_card":"summary_large_image","schema":{"@context":"https:\/\/schema.org","@graph":[{"@type":"WebPage","@id":"https:\/\/utap.edu.co\/sitio\/educacion-continuada\/","url":"https:\/\/utap.edu.co\/sitio\/educacion-continuada\/","name":"Educaci\u00f3n Continua - UTAP","isPartOf":{"@id":"https:\/\/utap.edu.co\/sitio\/#website"},"datePublished":"2019-09-01T23:00:56+00:00","dateModified":"2025-04-09T16:37:30+00:00","description":"Consulta la oferta de Educaci\u00f3n Continua que tenemos para ti. \u00a1La UTAP, tu mejor opci\u00f3n!","breadcrumb":{"@id":"https:\/\/utap.edu.co\/sitio\/educacion-continuada\/#breadcrumb"},"inLanguage":"es","potentialAction":[{"@type":"ReadAction","target":["https:\/\/utap.edu.co\/sitio\/educacion-continuada\/"]}]},{"@type":"BreadcrumbList","@id":"https:\/\/utap.edu.co\/sitio\/educacion-continuada\/#breadcrumb","itemListElement":[{"@type":"ListItem","position":1,"name":"Home","item":"https:\/\/utap.edu.co\/sitio\/"},{"@type":"ListItem","position":2,"name":"EDUCACI\u00d3N CONTINUADA"}]},{"@type":"WebSite","@id":"https:\/\/utap.edu.co\/sitio\/#website","url":"https:\/\/utap.edu.co\/sitio\/","name":"UTAP","description":"Educaci\u00f3n Superior con Sentido Social","publisher":{"@id":"https:\/\/utap.edu.co\/sitio\/#organization"},"potentialAction":[{"@type":"SearchAction","target":{"@type":"EntryPoint","urlTemplate":"https:\/\/utap.edu.co\/sitio\/?s={search_term_string}"},"query-input":"required name=search_term_string"}],"inLanguage":"es"},{"@type":"Organization","@id":"https:\/\/utap.edu.co\/sitio\/#organization","name":"Tecnol\u00f3gica Aut\u00f3noma del Pacifico","url":"https:\/\/utap.edu.co\/sitio\/","logo":{"@type":"ImageObject","inLanguage":"es","@id":"https:\/\/utap.edu.co\/sitio\/#\/schema\/logo\/image\/","url":"https:\/\/utap.edu.co\/sitio\/wp-content\/uploads\/2023\/11\/Mesa-de-trabajo-1logo.png","contentUrl":"https:\/\/utap.edu.co\/sitio\/wp-content\/uploads\/2023\/11\/Mesa-de-trabajo-1logo.png","width":401,"height":86,"caption":"Tecnol\u00f3gica Aut\u00f3noma del Pacifico"},"image":{"@id":"https:\/\/utap.edu.co\/sitio\/#\/schema\/logo\/image\/"},"sameAs":["https:\/\/www.facebook.com\/UTAPCALI\/","https:\/\/www.instagram.com\/utapcali\/","https:\/\/www.linkedin.com\/company\/tecnol\u00f3gica-aut\u00f3noma-del-pac\u00edfico","https:\/\/www.youtube.com\/channel\/UCdh4_tECdrEEptoOuW_lo8Q\/"]}]}},"_links":{"self":[{"href":"https:\/\/utap.edu.co\/sitio\/wp-json\/wp\/v2\/pages\/5811"}],"collection":[{"href":"https:\/\/utap.edu.co\/sitio\/wp-json\/wp\/v2\/pages"}],"about":[{"href":"https:\/\/utap.edu.co\/sitio\/wp-json\/wp\/v2\/types\/page"}],"author":[{"embeddable":true,"href":"https:\/\/utap.edu.co\/sitio\/wp-json\/wp\/v2\/users\/1"}],"replies":[{"embeddable":true,"href":"https:\/\/utap.edu.co\/sitio\/wp-json\/wp\/v2\/comments?post=5811"}],"version-history":[{"count":0,"href":"https:\/\/utap.edu.co\/sitio\/wp-json\/wp\/v2\/pages\/5811\/revisions"}],"wp:attachment":[{"href":"https:\/\/utap.edu.co\/sitio\/wp-json\/wp\/v2\/media?parent=5811"}],"wp:term":[{"taxonomy":"wf_page_folders","embeddable":true,"href":"https:\/\/utap.edu.co\/sitio\/wp-json\/wp\/v2\/wf_page_folders?post=5811"}],"curies":[{"name":"wp","href":"https:\/\/api.w.org\/{rel}","templated":true}]}}