{"id":4600,"date":"2019-11-15T16:51:13","date_gmt":"2019-11-15T16:51:13","guid":{"rendered":"https:\/\/utap.edu.co\/sitio\/?page_id=4600"},"modified":"2023-07-10T10:47:23","modified_gmt":"2023-07-10T15:47:23","slug":"biblioteca_catalogo","status":"publish","type":"page","link":"https:\/\/utap.edu.co\/sitio\/biblioteca_catalogo\/","title":{"rendered":"Biblioteca_catalogo"},"content":{"rendered":"\n&nbsp;\n<div align=\"center\">\n<table style=\"border: solid black 1px;\" border=\"0\" width=\"70%\" cellspacing=\"2\" cellpadding=\"2\">\n<tbody>\n<tr>\n<td class=\"system-pagebreak\" style=\"width: 600px; align: center; height: 70px;\" align=\"center\" bgcolor=\"#1B487C\">\n<p style=\"text-align: center;\"><strong><span style=\"font-family: arial; color: #000000; font-size: xx-large;\">Catalogo Biblioteca Utap<\/span><\/strong><\/p>\n<\/td>\n<\/tr>\n<tr>\n<td class=\"system-pagebreak\" style=\"width: 600px; align: center; height: 70px;\">\n<div class=\"SubTitulo\" align=\"center\"><span style=\"color: #000000;\"><strong>B\u00fasquedas en el acervo digital<\/strong><\/span><\/div>\n<\/td>\n<\/tr>\n<tr>\n<td align=\"center\" valign=\"top\"><form action=\"https:\/\/utap.edu.co\/sitio\/consulta_biblioteca_ensayo\/\" method=\"POST\">\n<table border=\"0\" width=\"100%\">\n<tbody>\n<tr>\n<td width=\"50%\"><center><b><span style=\"color: black;\">Buscar:<\/span><\/b><\/center><\/td>\n<td width=\"50%\"><center><b><span style=\"color: black;\">Realizar B\u00fasqueda en:<\/span><\/b><\/center><\/td>\n<\/tr>\n<tr>\n<td width=\"50%\"><center><br><input name=\"buscar\" size=\"50\" type=\"text\" value=\"\"><\/center><\/td>\n<td width=\"50%\"><center><br><select name=\"caja_tipo\">\n<option value=\"0\">en cualquier campo<\/option>\n<option value=\"1\">en T\u00edtulos<\/option>\n<option value=\"2\">en Autores<\/option>\n<option value=\"4\">en ISBN<\/option>\n<option value=\"7\">en Clasificaci\u00f3n<\/option>\n<\/select><\/center><\/td>\n<\/tr>\n<tr>\n<td align=\"center\"><br><center><input class=\"BotonSubmit\" style=\"height: 35px; color: #99ccff; background-color: #1b487c;\" type=\"submit\" value=\"Iniciar b\u00fasqueda\"><\/center><\/td>\n<td align=\"center\"><br><center><input class=\"BotonClear\" style=\" height: 35px; color: #99ccff; background-color: #1b487c;\" type=\"reset\" value=\"Restablecer\"><\/center><\/td>\n<\/tr>\n<tr>\n<td colspan=\"2\"><span style=\"color: black;\"><br><br><b>NOTA: <\/b>El buscador no admite caracteres como especiales como Tildes(\u00b4) y \u00d1.<\/span><\/td>\n<\/tr>\n<\/tbody>\n<\/table>\n<\/form>\n<p> <\/p>\n<\/td>\n<\/tr>\n<\/tbody>\n<\/table>\n<\/div>\n<p> <\/p>\n","protected":false},"excerpt":{"rendered":"<p>&nbsp; Catalogo Biblioteca Utap B\u00fasquedas en el acervo digital Buscar: Realizar B\u00fasqueda en: en cualquier campoen T\u00edtulosen Autoresen ISBNen Clasificaci\u00f3n NOTA: El buscador no admite&hellip;<\/p>\n","protected":false},"author":1,"featured_media":0,"parent":0,"menu_order":0,"comment_status":"closed","ping_status":"closed","template":"","meta":{"_joinchat":[]},"wf_page_folders":[123],"yoast_head":"<!-- This site is optimized with the Yoast SEO plugin v21.1 - https:\/\/yoast.com\/wordpress\/plugins\/seo\/ -->\n<title>Biblioteca_catalogo - UTAP<\/title>\n<meta name=\"robots\" content=\"index, follow, max-snippet:-1, max-image-preview:large, max-video-preview:-1\" \/>\n<link rel=\"canonical\" href=\"https:\/\/utap.edu.co\/sitio\/biblioteca_catalogo\/\" \/>\n<meta property=\"og:locale\" content=\"es_ES\" \/>\n<meta property=\"og:type\" content=\"article\" \/>\n<meta property=\"og:title\" content=\"Biblioteca_catalogo - UTAP\" \/>\n<meta property=\"og:description\" content=\"&nbsp; Catalogo Biblioteca Utap B\u00fasquedas en el acervo digital Buscar: Realizar B\u00fasqueda en: en cualquier campoen T\u00edtulosen Autoresen ISBNen Clasificaci\u00f3n NOTA: El buscador no admite&hellip;\" \/>\n<meta property=\"og:url\" content=\"https:\/\/utap.edu.co\/sitio\/biblioteca_catalogo\/\" \/>\n<meta property=\"og:site_name\" content=\"UTAP\" \/>\n<meta property=\"article:publisher\" content=\"https:\/\/www.facebook.com\/UTAPCALI\/\" \/>\n<meta property=\"article:modified_time\" content=\"2023-07-10T15:47:23+00:00\" \/>\n<meta name=\"twitter:card\" content=\"summary_large_image\" \/>\n<script type=\"application\/ld+json\" class=\"yoast-schema-graph\">{\"@context\":\"https:\/\/schema.org\",\"@graph\":[{\"@type\":\"WebPage\",\"@id\":\"https:\/\/utap.edu.co\/sitio\/biblioteca_catalogo\/\",\"url\":\"https:\/\/utap.edu.co\/sitio\/biblioteca_catalogo\/\",\"name\":\"Biblioteca_catalogo - UTAP\",\"isPartOf\":{\"@id\":\"https:\/\/utap.edu.co\/sitio\/#website\"},\"datePublished\":\"2019-11-15T16:51:13+00:00\",\"dateModified\":\"2023-07-10T15:47:23+00:00\",\"breadcrumb\":{\"@id\":\"https:\/\/utap.edu.co\/sitio\/biblioteca_catalogo\/#breadcrumb\"},\"inLanguage\":\"es\",\"potentialAction\":[{\"@type\":\"ReadAction\",\"target\":[\"https:\/\/utap.edu.co\/sitio\/biblioteca_catalogo\/\"]}]},{\"@type\":\"BreadcrumbList\",\"@id\":\"https:\/\/utap.edu.co\/sitio\/biblioteca_catalogo\/#breadcrumb\",\"itemListElement\":[{\"@type\":\"ListItem\",\"position\":1,\"name\":\"Home\",\"item\":\"https:\/\/utap.edu.co\/sitio\/\"},{\"@type\":\"ListItem\",\"position\":2,\"name\":\"Biblioteca_catalogo\"}]},{\"@type\":\"WebSite\",\"@id\":\"https:\/\/utap.edu.co\/sitio\/#website\",\"url\":\"https:\/\/utap.edu.co\/sitio\/\",\"name\":\"UTAP\",\"description\":\"Educaci\u00f3n Superior con Sentido Social\",\"publisher\":{\"@id\":\"https:\/\/utap.edu.co\/sitio\/#organization\"},\"potentialAction\":[{\"@type\":\"SearchAction\",\"target\":{\"@type\":\"EntryPoint\",\"urlTemplate\":\"https:\/\/utap.edu.co\/sitio\/?s={search_term_string}\"},\"query-input\":\"required name=search_term_string\"}],\"inLanguage\":\"es\"},{\"@type\":\"Organization\",\"@id\":\"https:\/\/utap.edu.co\/sitio\/#organization\",\"name\":\"Tecnol\u00f3gica Aut\u00f3noma del Pacifico\",\"url\":\"https:\/\/utap.edu.co\/sitio\/\",\"logo\":{\"@type\":\"ImageObject\",\"inLanguage\":\"es\",\"@id\":\"https:\/\/utap.edu.co\/sitio\/#\/schema\/logo\/image\/\",\"url\":\"https:\/\/utap.edu.co\/sitio\/wp-content\/uploads\/2023\/11\/Mesa-de-trabajo-1logo.png\",\"contentUrl\":\"https:\/\/utap.edu.co\/sitio\/wp-content\/uploads\/2023\/11\/Mesa-de-trabajo-1logo.png\",\"width\":401,\"height\":86,\"caption\":\"Tecnol\u00f3gica Aut\u00f3noma del Pacifico\"},\"image\":{\"@id\":\"https:\/\/utap.edu.co\/sitio\/#\/schema\/logo\/image\/\"},\"sameAs\":[\"https:\/\/www.facebook.com\/UTAPCALI\/\",\"https:\/\/www.instagram.com\/utapcali\/\",\"https:\/\/www.linkedin.com\/company\/tecnol\u00f3gica-aut\u00f3noma-del-pac\u00edfico\",\"https:\/\/www.youtube.com\/channel\/UCdh4_tECdrEEptoOuW_lo8Q\/\"]}]}<\/script>\n<!-- \/ Yoast SEO plugin. -->","yoast_head_json":{"title":"Biblioteca_catalogo - UTAP","robots":{"index":"index","follow":"follow","max-snippet":"max-snippet:-1","max-image-preview":"max-image-preview:large","max-video-preview":"max-video-preview:-1"},"canonical":"https:\/\/utap.edu.co\/sitio\/biblioteca_catalogo\/","og_locale":"es_ES","og_type":"article","og_title":"Biblioteca_catalogo - UTAP","og_description":"&nbsp; Catalogo Biblioteca Utap B\u00fasquedas en el acervo digital Buscar: Realizar B\u00fasqueda en: en cualquier campoen T\u00edtulosen Autoresen ISBNen Clasificaci\u00f3n NOTA: El buscador no admite&hellip;","og_url":"https:\/\/utap.edu.co\/sitio\/biblioteca_catalogo\/","og_site_name":"UTAP","article_publisher":"https:\/\/www.facebook.com\/UTAPCALI\/","article_modified_time":"2023-07-10T15:47:23+00:00","twitter_card":"summary_large_image","schema":{"@context":"https:\/\/schema.org","@graph":[{"@type":"WebPage","@id":"https:\/\/utap.edu.co\/sitio\/biblioteca_catalogo\/","url":"https:\/\/utap.edu.co\/sitio\/biblioteca_catalogo\/","name":"Biblioteca_catalogo - UTAP","isPartOf":{"@id":"https:\/\/utap.edu.co\/sitio\/#website"},"datePublished":"2019-11-15T16:51:13+00:00","dateModified":"2023-07-10T15:47:23+00:00","breadcrumb":{"@id":"https:\/\/utap.edu.co\/sitio\/biblioteca_catalogo\/#breadcrumb"},"inLanguage":"es","potentialAction":[{"@type":"ReadAction","target":["https:\/\/utap.edu.co\/sitio\/biblioteca_catalogo\/"]}]},{"@type":"BreadcrumbList","@id":"https:\/\/utap.edu.co\/sitio\/biblioteca_catalogo\/#breadcrumb","itemListElement":[{"@type":"ListItem","position":1,"name":"Home","item":"https:\/\/utap.edu.co\/sitio\/"},{"@type":"ListItem","position":2,"name":"Biblioteca_catalogo"}]},{"@type":"WebSite","@id":"https:\/\/utap.edu.co\/sitio\/#website","url":"https:\/\/utap.edu.co\/sitio\/","name":"UTAP","description":"Educaci\u00f3n Superior con Sentido Social","publisher":{"@id":"https:\/\/utap.edu.co\/sitio\/#organization"},"potentialAction":[{"@type":"SearchAction","target":{"@type":"EntryPoint","urlTemplate":"https:\/\/utap.edu.co\/sitio\/?s={search_term_string}"},"query-input":"required name=search_term_string"}],"inLanguage":"es"},{"@type":"Organization","@id":"https:\/\/utap.edu.co\/sitio\/#organization","name":"Tecnol\u00f3gica Aut\u00f3noma del Pacifico","url":"https:\/\/utap.edu.co\/sitio\/","logo":{"@type":"ImageObject","inLanguage":"es","@id":"https:\/\/utap.edu.co\/sitio\/#\/schema\/logo\/image\/","url":"https:\/\/utap.edu.co\/sitio\/wp-content\/uploads\/2023\/11\/Mesa-de-trabajo-1logo.png","contentUrl":"https:\/\/utap.edu.co\/sitio\/wp-content\/uploads\/2023\/11\/Mesa-de-trabajo-1logo.png","width":401,"height":86,"caption":"Tecnol\u00f3gica Aut\u00f3noma del Pacifico"},"image":{"@id":"https:\/\/utap.edu.co\/sitio\/#\/schema\/logo\/image\/"},"sameAs":["https:\/\/www.facebook.com\/UTAPCALI\/","https:\/\/www.instagram.com\/utapcali\/","https:\/\/www.linkedin.com\/company\/tecnol\u00f3gica-aut\u00f3noma-del-pac\u00edfico","https:\/\/www.youtube.com\/channel\/UCdh4_tECdrEEptoOuW_lo8Q\/"]}]}},"_links":{"self":[{"href":"https:\/\/utap.edu.co\/sitio\/wp-json\/wp\/v2\/pages\/4600"}],"collection":[{"href":"https:\/\/utap.edu.co\/sitio\/wp-json\/wp\/v2\/pages"}],"about":[{"href":"https:\/\/utap.edu.co\/sitio\/wp-json\/wp\/v2\/types\/page"}],"author":[{"embeddable":true,"href":"https:\/\/utap.edu.co\/sitio\/wp-json\/wp\/v2\/users\/1"}],"replies":[{"embeddable":true,"href":"https:\/\/utap.edu.co\/sitio\/wp-json\/wp\/v2\/comments?post=4600"}],"version-history":[{"count":0,"href":"https:\/\/utap.edu.co\/sitio\/wp-json\/wp\/v2\/pages\/4600\/revisions"}],"wp:attachment":[{"href":"https:\/\/utap.edu.co\/sitio\/wp-json\/wp\/v2\/media?parent=4600"}],"wp:term":[{"taxonomy":"wf_page_folders","embeddable":true,"href":"https:\/\/utap.edu.co\/sitio\/wp-json\/wp\/v2\/wf_page_folders?post=4600"}],"curies":[{"name":"wp","href":"https:\/\/api.w.org\/{rel}","templated":true}]}}