{"id":4227,"date":"2019-10-06T15:23:46","date_gmt":"2019-10-06T15:23:46","guid":{"rendered":"https:\/\/162.241.175.74\/sitio\/?page_id=4227"},"modified":"2022-10-10T15:19:56","modified_gmt":"2022-10-10T20:19:56","slug":"proyectos-academicos","status":"publish","type":"page","link":"https:\/\/utap.edu.co\/sitio\/proyectos-academicos\/","title":{"rendered":"Proyectos Acad\u00e9micos"},"content":{"rendered":"<div id=\"pl-gb4227-69e8b1d469021\"  class=\"panel-layout\" ><div id=\"pg-gb4227-69e8b1d469021-0\"  class=\"panel-grid panel-no-style\" ><div id=\"pgc-gb4227-69e8b1d469021-0-0\"  class=\"panel-grid-cell\" ><div id=\"panel-gb4227-69e8b1d469021-0-0-0\" class=\"so-panel widget widget_siteorigin-panels-builder panel-first-child panel-last-child\" data-index=\"0\" ><div id=\"pl-w5db75780d18f8\"  class=\"panel-layout\" ><div id=\"pg-w5db75780d18f8-0\"  class=\"panel-grid panel-no-style\" ><div id=\"pgc-w5db75780d18f8-0-0\"  class=\"panel-grid-cell\" ><div id=\"panel-w5db75780d18f8-0-0-0\" class=\"so-panel widget widget_text panel-first-child panel-last-child\" data-index=\"0\" >\t\t\t<div class=\"textwidget\"><h1>Proyectos Acad\u00e9micos<\/h1>\n<ul>\n<li><a href=\"https:\/\/utap.edu.co\/sitio\/cronograma-informe-curso\/\">Cronograma Informe Curso<\/a><\/li>\n<li><a href=\"https:\/\/utap.edu.co\/sitio\/lista-de-capitulos\/\">Lista de Cap\u00edtulos<\/a><\/li>\n<li><a href=\"https:\/\/utap.edu.co\/sitio\/propuesta-curso\/\">Propuesta Curso<\/a><\/li>\n<li><a href=\"https:\/\/utap.edu.co\/sitio\/revision-informe-curso\/\">Revisi\u00f3n Informe Curso<\/a><\/li>\n<li><a href=\"https:\/\/utap.edu.co\/sitio\/programacion-sustentacion\/\">Programaci\u00f3n Sustentaci\u00f3n<\/a><\/li>\n<li><a href=\"https:\/\/utap.edu.co\/sitio\/acta-evaluacion-curso\/\">Acta Evaluaci\u00f3n curso<\/a><\/li>\n<li><a href=\"https:\/\/utap.edu.co\/sitio\/cronograma-trabajo\/\">Cronograma Trabajo<\/a><\/li>\n<li><a href=\"https:\/\/utap.edu.co\/sitio\/propuesta-trabajo\/\">Propuesta Trabajo<\/a><\/li>\n<li><a href=\"https:\/\/utap.edu.co\/sitio\/acta-asesoria-trabajo\/\">Acta Asesor\u00eda Trabajo<\/a><\/li>\n<li><a href=\"https:\/\/utap.edu.co\/sitio\/carta-aprobacion\/\">Carta Aprobaci\u00f3n<\/a><\/li>\n<li><a href=\"https:\/\/utap.edu.co\/sitio\/revision-plan-de-trabajo\/\">Revisi\u00f3n Plan de Trabajo<\/a><\/li>\n<li><a href=\"https:\/\/utap.edu.co\/sitio\/revision-trabajo\/\">Revisi\u00f3n Trabajo<\/a><\/li>\n<li><a href=\"https:\/\/utap.edu.co\/sitio\/acta-evaluacion-plan-de-trabajo\/\">Acta Evaluaci\u00f3n Plan de Trabajo<\/a><\/li>\n<li><a href=\"https:\/\/utap.edu.co\/sitio\/acta-evaluacion-trabajo\/\">Acta Evaluaci\u00f3n Trabajo<\/a><\/li>\n<li><a href=\"https:\/\/utap.edu.co\/sitio\/guia-informe-curso-de-grado-apa\/\">Gu\u00eda Informe Curso de Grado APA<\/a><\/li>\n<li><a href=\"https:\/\/utap.edu.co\/sitio\/guia-trabajo-apa-2\/\">Gu\u00eda Trabajo APA<\/a><\/li>\n<li><a href=\"https:\/\/utap.edu.co\/sitio\/plantilla-curso-apa\/\">Plantilla Curso APA<\/a><\/li>\n<li><a href=\"https:\/\/utap.edu.co\/sitio\/plantilla-plan-trabajo-apa\/\">Plantilla Plan Trabajo APA<\/a><\/li>\n<li><a href=\"https:\/\/utap.edu.co\/sitio\/platantilla-trabajo-apa\/\">Plantilla Trabajo APA<\/a><\/li>\n<\/ul>\n<\/div>\n\t\t<\/div><\/div><\/div><\/div><\/div><\/div><\/div><\/div>","protected":false},"excerpt":{"rendered":"","protected":false},"author":1,"featured_media":0,"parent":0,"menu_order":0,"comment_status":"closed","ping_status":"closed","template":"","meta":{"_joinchat":[]},"wf_page_folders":[108],"yoast_head":"<!-- This site is optimized with the Yoast SEO plugin v21.1 - https:\/\/yoast.com\/wordpress\/plugins\/seo\/ -->\n<title>Proyectos Acad\u00e9micos - UTAP<\/title>\n<meta name=\"robots\" content=\"index, follow, max-snippet:-1, max-image-preview:large, max-video-preview:-1\" \/>\n<link rel=\"canonical\" href=\"https:\/\/utap.edu.co\/sitio\/proyectos-academicos\/\" \/>\n<meta property=\"og:locale\" content=\"es_ES\" \/>\n<meta property=\"og:type\" content=\"article\" \/>\n<meta property=\"og:title\" content=\"Proyectos Acad\u00e9micos - UTAP\" \/>\n<meta property=\"og:url\" content=\"https:\/\/utap.edu.co\/sitio\/proyectos-academicos\/\" \/>\n<meta property=\"og:site_name\" content=\"UTAP\" \/>\n<meta property=\"article:publisher\" content=\"https:\/\/www.facebook.com\/UTAPCALI\/\" \/>\n<meta property=\"article:modified_time\" content=\"2022-10-10T20:19:56+00:00\" \/>\n<meta name=\"twitter:card\" content=\"summary_large_image\" \/>\n<script type=\"application\/ld+json\" class=\"yoast-schema-graph\">{\"@context\":\"https:\/\/schema.org\",\"@graph\":[{\"@type\":\"WebPage\",\"@id\":\"https:\/\/utap.edu.co\/sitio\/proyectos-academicos\/\",\"url\":\"https:\/\/utap.edu.co\/sitio\/proyectos-academicos\/\",\"name\":\"Proyectos Acad\u00e9micos - UTAP\",\"isPartOf\":{\"@id\":\"https:\/\/utap.edu.co\/sitio\/#website\"},\"datePublished\":\"2019-10-06T15:23:46+00:00\",\"dateModified\":\"2022-10-10T20:19:56+00:00\",\"breadcrumb\":{\"@id\":\"https:\/\/utap.edu.co\/sitio\/proyectos-academicos\/#breadcrumb\"},\"inLanguage\":\"es\",\"potentialAction\":[{\"@type\":\"ReadAction\",\"target\":[\"https:\/\/utap.edu.co\/sitio\/proyectos-academicos\/\"]}]},{\"@type\":\"BreadcrumbList\",\"@id\":\"https:\/\/utap.edu.co\/sitio\/proyectos-academicos\/#breadcrumb\",\"itemListElement\":[{\"@type\":\"ListItem\",\"position\":1,\"name\":\"Home\",\"item\":\"https:\/\/utap.edu.co\/sitio\/\"},{\"@type\":\"ListItem\",\"position\":2,\"name\":\"Proyectos Acad\u00e9micos\"}]},{\"@type\":\"WebSite\",\"@id\":\"https:\/\/utap.edu.co\/sitio\/#website\",\"url\":\"https:\/\/utap.edu.co\/sitio\/\",\"name\":\"UTAP\",\"description\":\"Educaci\u00f3n Superior con Sentido Social\",\"publisher\":{\"@id\":\"https:\/\/utap.edu.co\/sitio\/#organization\"},\"potentialAction\":[{\"@type\":\"SearchAction\",\"target\":{\"@type\":\"EntryPoint\",\"urlTemplate\":\"https:\/\/utap.edu.co\/sitio\/?s={search_term_string}\"},\"query-input\":\"required name=search_term_string\"}],\"inLanguage\":\"es\"},{\"@type\":\"Organization\",\"@id\":\"https:\/\/utap.edu.co\/sitio\/#organization\",\"name\":\"Tecnol\u00f3gica Aut\u00f3noma del Pacifico\",\"url\":\"https:\/\/utap.edu.co\/sitio\/\",\"logo\":{\"@type\":\"ImageObject\",\"inLanguage\":\"es\",\"@id\":\"https:\/\/utap.edu.co\/sitio\/#\/schema\/logo\/image\/\",\"url\":\"https:\/\/utap.edu.co\/sitio\/wp-content\/uploads\/2023\/11\/Mesa-de-trabajo-1logo.png\",\"contentUrl\":\"https:\/\/utap.edu.co\/sitio\/wp-content\/uploads\/2023\/11\/Mesa-de-trabajo-1logo.png\",\"width\":401,\"height\":86,\"caption\":\"Tecnol\u00f3gica Aut\u00f3noma del Pacifico\"},\"image\":{\"@id\":\"https:\/\/utap.edu.co\/sitio\/#\/schema\/logo\/image\/\"},\"sameAs\":[\"https:\/\/www.facebook.com\/UTAPCALI\/\",\"https:\/\/www.instagram.com\/utapcali\/\",\"https:\/\/www.linkedin.com\/company\/tecnol\u00f3gica-aut\u00f3noma-del-pac\u00edfico\",\"https:\/\/www.youtube.com\/channel\/UCdh4_tECdrEEptoOuW_lo8Q\/\"]}]}<\/script>\n<!-- \/ Yoast SEO plugin. -->","yoast_head_json":{"title":"Proyectos Acad\u00e9micos - UTAP","robots":{"index":"index","follow":"follow","max-snippet":"max-snippet:-1","max-image-preview":"max-image-preview:large","max-video-preview":"max-video-preview:-1"},"canonical":"https:\/\/utap.edu.co\/sitio\/proyectos-academicos\/","og_locale":"es_ES","og_type":"article","og_title":"Proyectos Acad\u00e9micos - UTAP","og_url":"https:\/\/utap.edu.co\/sitio\/proyectos-academicos\/","og_site_name":"UTAP","article_publisher":"https:\/\/www.facebook.com\/UTAPCALI\/","article_modified_time":"2022-10-10T20:19:56+00:00","twitter_card":"summary_large_image","schema":{"@context":"https:\/\/schema.org","@graph":[{"@type":"WebPage","@id":"https:\/\/utap.edu.co\/sitio\/proyectos-academicos\/","url":"https:\/\/utap.edu.co\/sitio\/proyectos-academicos\/","name":"Proyectos Acad\u00e9micos - UTAP","isPartOf":{"@id":"https:\/\/utap.edu.co\/sitio\/#website"},"datePublished":"2019-10-06T15:23:46+00:00","dateModified":"2022-10-10T20:19:56+00:00","breadcrumb":{"@id":"https:\/\/utap.edu.co\/sitio\/proyectos-academicos\/#breadcrumb"},"inLanguage":"es","potentialAction":[{"@type":"ReadAction","target":["https:\/\/utap.edu.co\/sitio\/proyectos-academicos\/"]}]},{"@type":"BreadcrumbList","@id":"https:\/\/utap.edu.co\/sitio\/proyectos-academicos\/#breadcrumb","itemListElement":[{"@type":"ListItem","position":1,"name":"Home","item":"https:\/\/utap.edu.co\/sitio\/"},{"@type":"ListItem","position":2,"name":"Proyectos Acad\u00e9micos"}]},{"@type":"WebSite","@id":"https:\/\/utap.edu.co\/sitio\/#website","url":"https:\/\/utap.edu.co\/sitio\/","name":"UTAP","description":"Educaci\u00f3n Superior con Sentido Social","publisher":{"@id":"https:\/\/utap.edu.co\/sitio\/#organization"},"potentialAction":[{"@type":"SearchAction","target":{"@type":"EntryPoint","urlTemplate":"https:\/\/utap.edu.co\/sitio\/?s={search_term_string}"},"query-input":"required name=search_term_string"}],"inLanguage":"es"},{"@type":"Organization","@id":"https:\/\/utap.edu.co\/sitio\/#organization","name":"Tecnol\u00f3gica Aut\u00f3noma del Pacifico","url":"https:\/\/utap.edu.co\/sitio\/","logo":{"@type":"ImageObject","inLanguage":"es","@id":"https:\/\/utap.edu.co\/sitio\/#\/schema\/logo\/image\/","url":"https:\/\/utap.edu.co\/sitio\/wp-content\/uploads\/2023\/11\/Mesa-de-trabajo-1logo.png","contentUrl":"https:\/\/utap.edu.co\/sitio\/wp-content\/uploads\/2023\/11\/Mesa-de-trabajo-1logo.png","width":401,"height":86,"caption":"Tecnol\u00f3gica Aut\u00f3noma del Pacifico"},"image":{"@id":"https:\/\/utap.edu.co\/sitio\/#\/schema\/logo\/image\/"},"sameAs":["https:\/\/www.facebook.com\/UTAPCALI\/","https:\/\/www.instagram.com\/utapcali\/","https:\/\/www.linkedin.com\/company\/tecnol\u00f3gica-aut\u00f3noma-del-pac\u00edfico","https:\/\/www.youtube.com\/channel\/UCdh4_tECdrEEptoOuW_lo8Q\/"]}]}},"_links":{"self":[{"href":"https:\/\/utap.edu.co\/sitio\/wp-json\/wp\/v2\/pages\/4227"}],"collection":[{"href":"https:\/\/utap.edu.co\/sitio\/wp-json\/wp\/v2\/pages"}],"about":[{"href":"https:\/\/utap.edu.co\/sitio\/wp-json\/wp\/v2\/types\/page"}],"author":[{"embeddable":true,"href":"https:\/\/utap.edu.co\/sitio\/wp-json\/wp\/v2\/users\/1"}],"replies":[{"embeddable":true,"href":"https:\/\/utap.edu.co\/sitio\/wp-json\/wp\/v2\/comments?post=4227"}],"version-history":[{"count":0,"href":"https:\/\/utap.edu.co\/sitio\/wp-json\/wp\/v2\/pages\/4227\/revisions"}],"wp:attachment":[{"href":"https:\/\/utap.edu.co\/sitio\/wp-json\/wp\/v2\/media?parent=4227"}],"wp:term":[{"taxonomy":"wf_page_folders","embeddable":true,"href":"https:\/\/utap.edu.co\/sitio\/wp-json\/wp\/v2\/wf_page_folders?post=4227"}],"curies":[{"name":"wp","href":"https:\/\/api.w.org\/{rel}","templated":true}]}}