{"id":3988,"date":"2019-09-17T14:15:16","date_gmt":"2019-09-17T14:15:16","guid":{"rendered":"https:\/\/162.241.175.74\/sitio\/?page_id=3988"},"modified":"2023-02-02T13:49:11","modified_gmt":"2023-02-02T18:49:11","slug":"convocatoria-interna-proyectos-de-investigacion","status":"publish","type":"page","link":"https:\/\/utap.edu.co\/sitio\/convocatoria-interna-proyectos-de-investigacion\/","title":{"rendered":"CONVOCATORIA (investigaci\u00f3n)"},"content":{"rendered":"<div id=\"pl-gb3988-69f1af8ed08e7\"  class=\"panel-layout\" ><div id=\"pg-gb3988-69f1af8ed08e7-0\"  class=\"panel-grid panel-no-style\" ><div id=\"pgc-gb3988-69f1af8ed08e7-0-0\"  class=\"panel-grid-cell\" ><div id=\"panel-gb3988-69f1af8ed08e7-0-0-0\" class=\"so-panel widget widget_sow-image panel-first-child panel-last-child\" data-index=\"0\" ><div\n\t\t\t\n\t\t\tclass=\"so-widget-sow-image so-widget-sow-image-default-dbf295114b96-3988\"\n\t\t\t\n\t\t>\n<div class=\"sow-image-container\">\n\t\t<img \n\tsrc=\"https:\/\/utap.edu.co\/sitio\/wp-content\/uploads\/2023\/02\/banner-investigacion.png\" width=\"7025\" height=\"2084\" srcset=\"https:\/\/utap.edu.co\/sitio\/wp-content\/uploads\/2023\/02\/banner-investigacion.png 7025w, https:\/\/utap.edu.co\/sitio\/wp-content\/uploads\/2023\/02\/banner-investigacion-1024x304.png 1024w, https:\/\/utap.edu.co\/sitio\/wp-content\/uploads\/2023\/02\/banner-investigacion-768x228.png 768w, https:\/\/utap.edu.co\/sitio\/wp-content\/uploads\/2023\/02\/banner-investigacion-1536x456.png 1536w, https:\/\/utap.edu.co\/sitio\/wp-content\/uploads\/2023\/02\/banner-investigacion-2048x608.png 2048w, https:\/\/utap.edu.co\/sitio\/wp-content\/uploads\/2023\/02\/banner-investigacion-1686x500.png 1686w, https:\/\/utap.edu.co\/sitio\/wp-content\/uploads\/2023\/02\/banner-investigacion-1600x474.png 1600w, https:\/\/utap.edu.co\/sitio\/wp-content\/uploads\/2023\/02\/banner-investigacion-1200x356.png 1200w, https:\/\/utap.edu.co\/sitio\/wp-content\/uploads\/2023\/02\/banner-investigacion-620x184.png 620w, https:\/\/utap.edu.co\/sitio\/wp-content\/uploads\/2023\/02\/banner-investigacion-400x119.png 400w\" sizes=\"(max-width: 7025px) 100vw, 7025px\" title=\"banner investigacion\" alt=\"\" loading=\"lazy\" \t\tclass=\"so-widget-image\"\/>\n\t<\/div>\n\n<\/div><\/div><\/div><\/div><\/div>\n\n<div align=\"center\">\n<p><iframe style=\"width: 1200px; height: 700px;\" src=\"https:\/\/docs.google.com\/viewerng\/viewer?url=http:\/\/www.utap.edu.co\/images\/Documentos\/INVESTIGACI\u00d3N\/Convocatoria Proyectos Docentes 2022.pdf&amp;hl=es&amp;embedded=true\" frameborder=\"0\"><\/iframe><\/p>\n<\/div>\n\n\n<a href=\"https:\/\/utap.edu.co\/sitio\/wp-content\/uploads\/2022\/02\/L\u00cdNEAS DE INVESTIGACI\u00d3N_Mesa de trabajo 1.png\"><img decoding=\"async\" loading=\"lazy\" class=\"alignnone wp-image-10136 size-medium\" src=\"https:\/\/utap.edu.co\/sitio\/wp-content\/uploads\/2022\/02\/L\u00cdNEAS DE INVESTIGACI\u00d3N_Mesa de trabajo 1.png\" alt=\"\" width=\"auto\" height=\"350\"><\/a>\n\n\n\n<div class=\"is-content-justification-space-between is-layout-flex wp-container-6 wp-block-group\">\n<div class=\"is-layout-flex wp-block-group\"><\/div>\n\n\n\n<a id=\"btn_descargar_formato\" class=\"wpdm-download-link download-on-click btn btn-primary \" rel=\"nofollow\" href=\"#\" data-downloadurl=\"https:\/\/utap.edu.co\/sitio\/download\/tipologia-de-productos-minciencias\/?wpdmdl=12159&amp;refresh=61fd3ab05402a1643985584\"> ANEXO 1. Tipolog\u00eda de Productos Minciencias<\/a>\n\n\n\n<a id=\"btn_descargar_formato\" class=\"wpdm-download-link download-on-click btn btn-primary \" rel=\"nofollow\" href=\"#\" data-downloadurl=\"https:\/\/utap.edu.co\/sitio\/download\/lineas-de-investigacion\/?wpdmdl=12204&amp;refresh=62040febd9bf01644433387\">L\u00edneas de Investigaci\u00f3n<\/a>\n\n\n\n<a id=\"btn_descargar_formato\" class=\"wpdm-download-link download-on-click btn btn-primary \" rel=\"nofollow\" href=\"#\" data-downloadurl=\"https:\/\/utap.edu.co\/sitio\/download\/presentacion-proyecto-de-investigacion-2\/?wpdmdl=12171&amp;refresh=61fd359b0a6bd1643984283\">ANEXO 2. Presentaci\u00f3n Proyecto de Investigaci\u00f3n<\/a>\n\n\n\n<div class=\"is-layout-flex wp-container-5 wp-block-columns\">\n<div class=\"is-layout-flow wp-block-column\"><\/div>\n\n\n\n<div class=\"is-layout-flow wp-block-column\">\n<div class=\"is-layout-flex wp-block-group\"><\/div>\n<\/div>\n<\/div>\n<\/div>\n\n\n\n<p><\/p>\n","protected":false},"excerpt":{"rendered":"<p>ANEXO 1. Tipolog\u00eda de Productos Minciencias L\u00edneas de Investigaci\u00f3n ANEXO 2. Presentaci\u00f3n Proyecto de Investigaci\u00f3n<\/p>\n","protected":false},"author":1,"featured_media":0,"parent":0,"menu_order":0,"comment_status":"closed","ping_status":"closed","template":"","meta":{"_joinchat":[]},"wf_page_folders":[91],"yoast_head":"<!-- This site is optimized with the Yoast SEO plugin v21.1 - https:\/\/yoast.com\/wordpress\/plugins\/seo\/ -->\n<title>CONVOCATORIA (investigaci\u00f3n) - UTAP<\/title>\n<meta name=\"robots\" content=\"index, follow, max-snippet:-1, max-image-preview:large, max-video-preview:-1\" \/>\n<link rel=\"canonical\" href=\"https:\/\/utap.edu.co\/sitio\/convocatoria-interna-proyectos-de-investigacion\/\" \/>\n<meta property=\"og:locale\" content=\"es_ES\" \/>\n<meta property=\"og:type\" content=\"article\" \/>\n<meta property=\"og:title\" content=\"CONVOCATORIA (investigaci\u00f3n) - UTAP\" \/>\n<meta property=\"og:description\" content=\"ANEXO 1. Tipolog\u00eda de Productos Minciencias L\u00edneas de Investigaci\u00f3n ANEXO 2. Presentaci\u00f3n Proyecto de Investigaci\u00f3n\" \/>\n<meta property=\"og:url\" content=\"https:\/\/utap.edu.co\/sitio\/convocatoria-interna-proyectos-de-investigacion\/\" \/>\n<meta property=\"og:site_name\" content=\"UTAP\" \/>\n<meta property=\"article:publisher\" content=\"https:\/\/www.facebook.com\/UTAPCALI\/\" \/>\n<meta property=\"article:modified_time\" content=\"2023-02-02T18:49:11+00:00\" \/>\n<meta property=\"og:image\" content=\"https:\/\/utap.edu.co\/sitio\/wp-content\/uploads\/2023\/02\/banner-investigacion.png\" \/>\n<meta name=\"twitter:card\" content=\"summary_large_image\" \/>\n<script type=\"application\/ld+json\" class=\"yoast-schema-graph\">{\"@context\":\"https:\/\/schema.org\",\"@graph\":[{\"@type\":\"WebPage\",\"@id\":\"https:\/\/utap.edu.co\/sitio\/convocatoria-interna-proyectos-de-investigacion\/\",\"url\":\"https:\/\/utap.edu.co\/sitio\/convocatoria-interna-proyectos-de-investigacion\/\",\"name\":\"CONVOCATORIA (investigaci\u00f3n) - UTAP\",\"isPartOf\":{\"@id\":\"https:\/\/utap.edu.co\/sitio\/#website\"},\"datePublished\":\"2019-09-17T14:15:16+00:00\",\"dateModified\":\"2023-02-02T18:49:11+00:00\",\"breadcrumb\":{\"@id\":\"https:\/\/utap.edu.co\/sitio\/convocatoria-interna-proyectos-de-investigacion\/#breadcrumb\"},\"inLanguage\":\"es\",\"potentialAction\":[{\"@type\":\"ReadAction\",\"target\":[\"https:\/\/utap.edu.co\/sitio\/convocatoria-interna-proyectos-de-investigacion\/\"]}]},{\"@type\":\"BreadcrumbList\",\"@id\":\"https:\/\/utap.edu.co\/sitio\/convocatoria-interna-proyectos-de-investigacion\/#breadcrumb\",\"itemListElement\":[{\"@type\":\"ListItem\",\"position\":1,\"name\":\"Home\",\"item\":\"https:\/\/utap.edu.co\/sitio\/\"},{\"@type\":\"ListItem\",\"position\":2,\"name\":\"CONVOCATORIA (investigaci\u00f3n)\"}]},{\"@type\":\"WebSite\",\"@id\":\"https:\/\/utap.edu.co\/sitio\/#website\",\"url\":\"https:\/\/utap.edu.co\/sitio\/\",\"name\":\"UTAP\",\"description\":\"Educaci\u00f3n Superior con Sentido Social\",\"publisher\":{\"@id\":\"https:\/\/utap.edu.co\/sitio\/#organization\"},\"potentialAction\":[{\"@type\":\"SearchAction\",\"target\":{\"@type\":\"EntryPoint\",\"urlTemplate\":\"https:\/\/utap.edu.co\/sitio\/?s={search_term_string}\"},\"query-input\":\"required name=search_term_string\"}],\"inLanguage\":\"es\"},{\"@type\":\"Organization\",\"@id\":\"https:\/\/utap.edu.co\/sitio\/#organization\",\"name\":\"Tecnol\u00f3gica Aut\u00f3noma del Pacifico\",\"url\":\"https:\/\/utap.edu.co\/sitio\/\",\"logo\":{\"@type\":\"ImageObject\",\"inLanguage\":\"es\",\"@id\":\"https:\/\/utap.edu.co\/sitio\/#\/schema\/logo\/image\/\",\"url\":\"https:\/\/utap.edu.co\/sitio\/wp-content\/uploads\/2023\/11\/Mesa-de-trabajo-1logo.png\",\"contentUrl\":\"https:\/\/utap.edu.co\/sitio\/wp-content\/uploads\/2023\/11\/Mesa-de-trabajo-1logo.png\",\"width\":401,\"height\":86,\"caption\":\"Tecnol\u00f3gica Aut\u00f3noma del Pacifico\"},\"image\":{\"@id\":\"https:\/\/utap.edu.co\/sitio\/#\/schema\/logo\/image\/\"},\"sameAs\":[\"https:\/\/www.facebook.com\/UTAPCALI\/\",\"https:\/\/www.instagram.com\/utapcali\/\",\"https:\/\/www.linkedin.com\/company\/tecnol\u00f3gica-aut\u00f3noma-del-pac\u00edfico\",\"https:\/\/www.youtube.com\/channel\/UCdh4_tECdrEEptoOuW_lo8Q\/\"]}]}<\/script>\n<!-- \/ Yoast SEO plugin. -->","yoast_head_json":{"title":"CONVOCATORIA (investigaci\u00f3n) - UTAP","robots":{"index":"index","follow":"follow","max-snippet":"max-snippet:-1","max-image-preview":"max-image-preview:large","max-video-preview":"max-video-preview:-1"},"canonical":"https:\/\/utap.edu.co\/sitio\/convocatoria-interna-proyectos-de-investigacion\/","og_locale":"es_ES","og_type":"article","og_title":"CONVOCATORIA (investigaci\u00f3n) - UTAP","og_description":"ANEXO 1. Tipolog\u00eda de Productos Minciencias L\u00edneas de Investigaci\u00f3n ANEXO 2. Presentaci\u00f3n Proyecto de Investigaci\u00f3n","og_url":"https:\/\/utap.edu.co\/sitio\/convocatoria-interna-proyectos-de-investigacion\/","og_site_name":"UTAP","article_publisher":"https:\/\/www.facebook.com\/UTAPCALI\/","article_modified_time":"2023-02-02T18:49:11+00:00","og_image":[{"url":"https:\/\/utap.edu.co\/sitio\/wp-content\/uploads\/2023\/02\/banner-investigacion.png"}],"twitter_card":"summary_large_image","schema":{"@context":"https:\/\/schema.org","@graph":[{"@type":"WebPage","@id":"https:\/\/utap.edu.co\/sitio\/convocatoria-interna-proyectos-de-investigacion\/","url":"https:\/\/utap.edu.co\/sitio\/convocatoria-interna-proyectos-de-investigacion\/","name":"CONVOCATORIA (investigaci\u00f3n) - UTAP","isPartOf":{"@id":"https:\/\/utap.edu.co\/sitio\/#website"},"datePublished":"2019-09-17T14:15:16+00:00","dateModified":"2023-02-02T18:49:11+00:00","breadcrumb":{"@id":"https:\/\/utap.edu.co\/sitio\/convocatoria-interna-proyectos-de-investigacion\/#breadcrumb"},"inLanguage":"es","potentialAction":[{"@type":"ReadAction","target":["https:\/\/utap.edu.co\/sitio\/convocatoria-interna-proyectos-de-investigacion\/"]}]},{"@type":"BreadcrumbList","@id":"https:\/\/utap.edu.co\/sitio\/convocatoria-interna-proyectos-de-investigacion\/#breadcrumb","itemListElement":[{"@type":"ListItem","position":1,"name":"Home","item":"https:\/\/utap.edu.co\/sitio\/"},{"@type":"ListItem","position":2,"name":"CONVOCATORIA (investigaci\u00f3n)"}]},{"@type":"WebSite","@id":"https:\/\/utap.edu.co\/sitio\/#website","url":"https:\/\/utap.edu.co\/sitio\/","name":"UTAP","description":"Educaci\u00f3n Superior con Sentido Social","publisher":{"@id":"https:\/\/utap.edu.co\/sitio\/#organization"},"potentialAction":[{"@type":"SearchAction","target":{"@type":"EntryPoint","urlTemplate":"https:\/\/utap.edu.co\/sitio\/?s={search_term_string}"},"query-input":"required name=search_term_string"}],"inLanguage":"es"},{"@type":"Organization","@id":"https:\/\/utap.edu.co\/sitio\/#organization","name":"Tecnol\u00f3gica Aut\u00f3noma del Pacifico","url":"https:\/\/utap.edu.co\/sitio\/","logo":{"@type":"ImageObject","inLanguage":"es","@id":"https:\/\/utap.edu.co\/sitio\/#\/schema\/logo\/image\/","url":"https:\/\/utap.edu.co\/sitio\/wp-content\/uploads\/2023\/11\/Mesa-de-trabajo-1logo.png","contentUrl":"https:\/\/utap.edu.co\/sitio\/wp-content\/uploads\/2023\/11\/Mesa-de-trabajo-1logo.png","width":401,"height":86,"caption":"Tecnol\u00f3gica Aut\u00f3noma del Pacifico"},"image":{"@id":"https:\/\/utap.edu.co\/sitio\/#\/schema\/logo\/image\/"},"sameAs":["https:\/\/www.facebook.com\/UTAPCALI\/","https:\/\/www.instagram.com\/utapcali\/","https:\/\/www.linkedin.com\/company\/tecnol\u00f3gica-aut\u00f3noma-del-pac\u00edfico","https:\/\/www.youtube.com\/channel\/UCdh4_tECdrEEptoOuW_lo8Q\/"]}]}},"_links":{"self":[{"href":"https:\/\/utap.edu.co\/sitio\/wp-json\/wp\/v2\/pages\/3988"}],"collection":[{"href":"https:\/\/utap.edu.co\/sitio\/wp-json\/wp\/v2\/pages"}],"about":[{"href":"https:\/\/utap.edu.co\/sitio\/wp-json\/wp\/v2\/types\/page"}],"author":[{"embeddable":true,"href":"https:\/\/utap.edu.co\/sitio\/wp-json\/wp\/v2\/users\/1"}],"replies":[{"embeddable":true,"href":"https:\/\/utap.edu.co\/sitio\/wp-json\/wp\/v2\/comments?post=3988"}],"version-history":[{"count":0,"href":"https:\/\/utap.edu.co\/sitio\/wp-json\/wp\/v2\/pages\/3988\/revisions"}],"wp:attachment":[{"href":"https:\/\/utap.edu.co\/sitio\/wp-json\/wp\/v2\/media?parent=3988"}],"wp:term":[{"taxonomy":"wf_page_folders","embeddable":true,"href":"https:\/\/utap.edu.co\/sitio\/wp-json\/wp\/v2\/wf_page_folders?post=3988"}],"curies":[{"name":"wp","href":"https:\/\/api.w.org\/{rel}","templated":true}]}}